) = -622*l**3 + 381*l**2 + 381*l + 3. Determine c(-1).
625
Let t(m) = 17190*m - 51363. Determine t(3).
207
Let z(f) = 19*f**3 - 208*f**2 + 10*f + 24. Calculate z(11).
255
Let l(s) = 8998*s - 71268. Calculate l(8).
716
Let d(x) = 51375*x + 3288058. Give d(-64).
58
Let h(l) = 6*l**2 + 170*l + 411. Calculate h(-25).
-89
Let f(u) = -2*u**3 + 439*u**2 + 35249*u + 269. Calculate f(282).
-13
Let y(q) = 4109*q - 620457. Determine y(151).
2
Let k(z) = 226467*z - 226468. Determine k(1).
-1
Let p(y) = -1927*y - 79029. Calculate p(-41).
-22
Let q(z) = -2*z**3 + 890*z**2 - 13735*z + 2997. Give q(429).
-6
Let i(b) = 4*b**2 - 46057*b + 781823. Give i(17).
10
Let v(b) = 4*b**3 + 128*b**2 + 1739*b + 50059. Give v(-31).
-6
Let d(k) = 82712*k - 16625117. Determine d(201).
-5
Let d(a) = 3*a**3 - 620*a**2 + 23714*a - 316. Give d(156).
-4
Let v(i) = 32*i**3 + 153*i**2 + 14*i + 59. Give v(-5).
-186
Let q(v) = -v**2 - 61*v - 933. Calculate q(-53).
-509
Let s(d) = d**2 + 458*d - 58383. What is s(101)?
-1924
Let q(g) = g**3 + 214*g**2 - 2245*g - 813. Give q(-224).
307
Let t(q) = q**2 - 39066*q + 351488. Determine t(9).
-25
Let r(y) = -14*y**2 - 506*y - 1504. What is r(-3)?
-112
Let f(c) = -112*c - 28993. Calculate f(-259).
15
Let u(n) = 532*n - 109703. What is u(204)?
-1175
Let h(b) = 6*b**3 + 32*b**2 - 167*b - 894. What is h(-5)?
-9
Let r(c) = -1506*c + 73793. Determine r(49).
-1
Let a(w) = 681*w - 102897. Determine a(151).
-66
Let p(c) = -253*c**3 + 217833*c**2 - c + 849. Calculate p(861).
-12
Let x(c) = -2*c**2 + 62*c - 472. Calculate x(15).
8
Let c(g) = -655*g**2 - 13753*g + 29. Calculate c(-21).
-13
Let u(d) = 37*d**2 - 1032*d - 1038. Give u(-1).
31
Let c(y) = 1505*y + 24105. Calculate c(-16).
25
Let x(q) = -150*q**2 + 83560*q - 5726. Determine x(557).
-156
Let l(m) = -27*m**3 + 254*m**2 + 461*m - 95. Determine l(-2).
215
Let z(k) = k**2 + 1449*k - 287805. Give z(177).
-3
Let u(a) = -3*a**3 + 8*a**2 + 35*a + 94. What is u(-4)?
274
Let y(o) = 168150*o - 1177028. Give y(7).
22
Let t(w) = 510336*w + 3572348. Determine t(-7).
-4
Let t(m) = m**3 - 96*m**2 + 284*m - 10. Calculate t(93).
455
Let n(d) = -d**2 - 1992*d - 15765. Calculate n(-8).
107
Let n(g) = -6*g**2 - 240*g - 45. Determine n(-39).
189
Let x(p) = -42931*p + 5538094. Give x(129).
-5
Let q(p) = -20*p**2 + 2803*p - 8395. Give q(3).
-166
Let u(h) = 2*h**3 - 59*h**2 - 54*h + 1305. Give u(30).
585
Let u(p) = -p**3 - 251*p**2 + 933*p - 22178. Calculate u(-255).
7
Let k(h) = 333*h - 1928. Determine k(8).
736
Let h(j) = j**3 + 42*j**2 + 313*j - 9. Calculate h(0).
-9
Let z(p) = p**3 - 168*p**2 + 1154*p - 158. Calculate z(7).
31
Let p(q) = -q**3 + 32*q**2 - 79*q + 1298. Give p(31).
-190
Let l(w) = -2*w**3 + 56*w**2 + 25*w - 658. Give l(28).
42
Let t(g) = g**2 - 195*g + 1508. Calculate t(188).
192
Let w(l) = 197*l - 20324. Calculate w(96).
-1412
Let m(i) = 17786*i + 22339201. What is m(-1256)?
-15
Let r(i) = 39*i - 1478. What is r(35)?
-113
Let c(t) = -17*t**2 - 124*t + 59. Give c(-10).
-401
Let k(t) = 4092*t + 4137. What is k(-1)?
45
Let k(s) = 2*s**3 + 293*s**2 + 160*s + 2520. Give k(-146).
476
Let o(y) = 2*y**3 + 14*y**2 - 136*y + 33. Give o(6).
153
Let c(d) = -d**3 + 202*d**2 - 2468*d + 582. Calculate c(189).
-1497
Let l(w) = -3875*w - 1865. What is l(0)?
-1865
Let n(a) = 82*a**2 + 29750*a + 23893. Give n(-362).
1
Let s(v) = -3*v**2 + 82935*v - 331700. Calculate s(4).
-8
Let b(n) = 17099*n - 5351974. Calculate b(313).
13
Let c(f) = 139*f**2 - 560*f - 2888. Calculate c(7).
3
Let q(o) = 22*o**2 + 2548*o - 420. Calculate q(-116).
44
Let w(u) = -u**3 + 94*u**2 + 355*u - 101. Calculate w(-4).
47
Let o(x) = 3*x**3 - 389*x**2 + 277*x - 2343. Give o(129).
108
Let k(d) = 13*d**2 + 333*d - 3226. Calculate k(-33).
-58
Let o(a) = 948*a - 441765. Calculate o(466).
3
Let d(x) = 265*x - 9187. Determine d(35).
88
Let j(h) = 384*h**2 - 44546*h + 110. Determine j(116).
-122
Let w(u) = -105312*u + 105344. Calculate w(1).
32
Let f(z) = 9063*z - 3534595. Give f(390).
-25
Let h(x) = 96*x**2 - 666*x + 902. Determine h(5).
-28
Let q(o) = -14*o**2 - 895*o - 3295. Determine q(-60).
5
Let c(l) = 443*l + 8134. What is c(-23)?
-2055
Let z(l) = -14078*l - 42353. Determine z(-3).
-119
Let j(b) = -6*b**2 - 728*b - 6946. Determine j(-111).
-64
Let c(y) = -y**3 - 4*y**2 - 2307*y - 18637. Give c(-8).
75
Let k(v) = v**3 - 16*v**2 + 101. Calculate k(5).
-174
Let l(h) = 844*h + 97086. Give l(-115).
26
Let s(j) = -305*j - 2619. What is s(-6)?
-789
Let m(n) = -n**3 - 115*n**2 + 2730*n + 334023. Determine m(-113).
-5
Let m(s) = -5*s**2 + 175*s - 1053. Give m(29).
-183
Let s(y) = -4*y**3 + 8*y**2 + 79*y + 7. What is s(-5)?
312
Let s(r) = -45*r**2 - 14448*r - 1008. Calculate s(-321).
-45
Let a(p) = -4*p**3 - 307*p**2 - 232*p - 267. What is a(-76)?
37
Let s(q) = -151*q**2 + 335*q + 15. Give s(4).
-1061
Let w(c) = -2*c**3 + 39*c**2 - 41858*c + 794947. What is w(19)?
6
Let m(j) = -j**2 - 453*j - 35297. Calculate m(-100).
3
Let p(l) = -19*l**3 - 14*l**2 - 115*l - 164. Calculate p(-2).
162
Let c(a) = -a**2 - 19427*a - 852826. Give c(-44).
26
Let b(a) = -49*a + 3565. Determine b(85).
-600
Let d(s) = 236*s + 3705. Give d(-14).
401
Let g(r) = -1636*r + 81786. Determine g(50).
-14
Let u(q) = 3634*q**2 + 8*q - 8. Determine u(-1).
3618
Let l(z) = 11145*z + 9863344. What is l(-885)?
19
Let q(r) = r**3 + 28*r**2 - 236*r + 376. Determine q(-35).
61
Let y(p) = -4*p**3 - 37*p**2 + 19. Determine y(-7).
-422
Let x(v) = -7*v**3 + 35*v**2 - 6*v + 38. Give x(5).
8
Let j(m) = 5814*m + 3198. Determine j(-1).
-2616
Let x(i) = 1288*i - 33449. Calculate x(26).
39
Let m(n) = -2485*n + 164007. What is m(66)?
-3
Let k(f) = -82*f - 167. Give k(-7).
407
Let b(r) = 420*r + 17456. Determine b(-42).
-184
Let w(r) = 120*r - 5329. Give w(45).
71
Let j(i) = i**3 - 334*i**2 + 996*i - 24. Determine j(3).
-15
Let d(v) = 17*v**3 + 1150*v**2 + 739*v + 152. Calculate d(-67).
18
Let r(f) = -345*f + 8. Calculate r(-5).
1733
Let o(y) = 25209*y - 176463. What is o(7)?
0
Let v(m) = m**2 + 231*m + 11255. Determine v(-98).
-1779
Let a(c) = -337*c - 12514. What is a(-41)?
1303
Let j(l) = -l**3 - 464*l**2 - 2548*l - 116106. Give j(-459).
21
Let b(g) = -137*g + 14740. Calculate b(107).
81
Let d(r) = -26014*r + 24880. Determine d(1).
-1134
Let z(f) = -3*f**2 - 36*f + 5397. Give z(37).
-42
Let a(j) = -j**2 - 425*j - 7738. Determine a(-406).
-24
Let v(d) = d**2 - 1420*d + 250261. Calculate v(207).
-830
Let m(n) = 544*n + 27166. Calculate m(-50).
-34
Let b(x) = -x**2 - 114738*x + 1491742. What is b(13)?
-21
Let m(x) = 9619*x + 48089. Give m(-5).
-6
Let d(c) = -11*c**2 - 46*c - 33. Determine d(-3).
6
Let w(o) = 1067*o + 47340. Give w(-44).
392
Let m(j) = -15854*j + 840262. What is m(53)?
0
Let y(c) = 1691*c + 216428. What is y(-128)?
-20
Let f(p) = -3*p**3 - 41*p**2 - 145*p - 47. Calculate f(-7).
-12
Let k(m) = -m**3 + 77*m**2 + 1287*m + 1520. Calculate k(-13).
-1
Let y(f) = 15*f**2 - 113*f + 64. Give y(28).
8660
Let m(g) = -g**2 - 122*g - 2653. Determine m(-88).
339
Let f(z) = 4*z**2 - 174*z + 739. Give f(31).
-811
Let z(v) = 5*v**2 - 16567*v - 82960. Determine z(-5).
0
Let m(u) = 875*u - 38443. Give m(39).
-4318
Let a(f) = 14*f**3 - 785*f**2 + 83*f - 1455. Calculate a(56).
57
Let g(b) = 8704*b - 870423. Calculate g(100).
-23
Let b(k) = -2*k**3 + 116*k**2 - 352*k - 2. Determine b(3).
-68
Let i(b) = b**3 + 38*b**2 - 355*b - 53. What is i(8)?
51
Let r(p) = p**3 - 45*p**2 - 1663*p - 90. What is r(-24)?
78
Let v(x) = x**2 - 3465*x - 3960156. Give v(-906).
-30
Let n(g) = g**2 + 534*g - 67677. What is n(106)?
163
Let s(n) = 34*n**2 + 2648*n - 43731. What is s(14)?
5
Let p(a) = -32*a**3 - 13*a**2 + 30*a + 4. Give p(3).
-887
Let b(c) = 15*c**2 - 887*c + 7637. Calculate b(9).
869
Let o(s) = -15*s**2 - 847*s - 63. Determine o(-57).
-519
Let o(c) = 18*c**2 - 14*c + 93. Give o(-10).
2033
Let s(u) = -34*u + 1765. Give s(52).
-3
Let z(a) = a**3 + 1052*a**2 + 143443*a - 1271. Calculate z(-161).
17
Let o(w) = 827*w - 14055. Give o(17).
4
Let q(m) = -m**3 - 157*m**2 + 465*m - 2385. Give q(-160).
15
Let x(b) = -b**2 + 2775*b + 190424. Calculate x(-67).
10
Let q(d) = d**3 + 180*d**2 + 175*d - 903. Determine q(-179).
-187
Let x(h) = -526*h - 9935. Give x(-18).
-467
Let d(v) = -10*v**2 - 798*v - 6267. Determine d(-8).
-523
Let 